(base 15) to base 3
10112020021
Convert -51266b (base 12) to base 16.
-135e33
Convert 1211121201100 (base 3) to base 12.
3b1239
Convert 110100010111011011111 (base 2) to base 3.
10020011211011
What is -1063401 (base 8) in base 2?
-1000110011100000001
-440bd (base 16) to base 11
-18044a
Convert -2660206 (base 7) to base 6.
-11303214
Convert -1344254 (base 6) to base 14.
-1da66
-20730 (base 13) to base 2
-1110001111101000
Convert -6578 (base 10) to base 14.
-257c
What is -506445 (base 8) in base 4?
-220310211
What is -11442144 (base 5) in base 7?
-632633
Convert -6351772 (base 8) to base 7.
-20246613
What is 1695976 (base 10) in base 4?
12132003220
What is -844839 (base 14) in base 15?
-5d4186
Convert 52713165 (base 8) to base 4.
222321121311
Convert 147435 (base 12) to base 14.
8d785
-10010011101101111000 (base 2) to base 3
-1010201222012
What is -716562 (base 8) in base 4?
-321311302
Convert 11044001 (base 5) to base 14.
2738b
Convert -14061767 (base 9) to base 13.
-1594207
3320231211 (base 4) to base 11
636424
232313210320 (base 4) to base 16
bb7938
-711823 (base 11) to base 12
-472282
-41484a (base 11) to base 16
-a2667
What is -570853 (base 10) in base 4?
-2023113211
-201304234 (base 6) to base 7
-41104336
What is 1341401010 (base 5) in base 7?
41313146
What is -2324202 (base 7) in base 5?
-33320433
-305400040 (base 6) to base 10
-5303256
Convert 110101001001010010 (base 2) to base 3.
102001121022
Convert -108a1f (base 16) to base 11.
-680416
-1125021335 (base 6) to base 2
-101111111000110010111011
-10b494 (base 13) to base 10
-396257
What is -40950d (base 14) in base 5?
-1024130420
What is 55351002 (base 7) in base 6?
250113243
What is 21102212222 (base 3) in base 7?
1146650
What is -18bccc (base 13) in base 11?
-398482
-6928495 (base 10) to base 5
-3233202440
Convert -903981 (base 11) to base 9.
-2656335
Convert -5634823 (base 9) to base 16.
-2e4e8f
What is 36514114 (base 8) in base 11?
4598392
What is -101431461 (base 7) in base 9?
-12180083
What is -262042322 (base 7) in base 4?
-333301031003
What is -434400 (base 5) in base 16?
-3a7f
What is -3737434 (base 8) in base 4?
-3323330130
What is -10102212001212 (base 3) in base 4?
-12332031011
Convert -10011011111101101001 (base 2) to base 8.
-2337551
-1000112220200 (base 3) to base 9
-1015820
1268098 (base 12) to base 15
4b82be
Convert 4608671 (base 9) to base 10.
2486440
16949 (base 16) to base 15
1c60e
2033003212 (base 4) to base 5
122222313
-a99021 (base 11) to base 13
-495649
What is 53851 (base 12) in base 16?
1adfd
-301112333 (base 4) to base 16
-315bf
What is -16baa74 (base 14) in base 7?
-164162004
-355001 (base 15) to base 9
-4713331
-879057 (base 10) to base 7
-10320564
Convert 1bb88 (base 15) to base 13.
32183
-4235453 (base 6) to base 10
-207321
Convert 330b5a (base 13) to base 7.
13132622
What is 12110203222 (base 4) in base 11?
a31a84
Convert -b32701 (base 12) to base 4.
-22230201301
Convert 3052744 (base 10) to base 4.
23221103020
Convert 56427323 (base 8) to base 6.
1113305135
Convert -370618 (base 10) to base 7.
-3102343
1974 (base 12) to base 15
dc7
What is 3102566 (base 8) in base 16?
c8576
7a751 (base 12) to base 16
27ead
What is 101221010011 (base 3) in base 8?
644144
Convert -25110c (base 15) to base 13.
-4a21ac
What is 11100001111000100000 (base 2) in base 3?
1202000011021
What is -c5def (base 16) in base 3?
-1112011202202
121203002311 (base 4) to base 14
c64913
-111110221 (base 3) to base 9
-14427
What is -2880a (base 15) in base 11?
-89797
What is -1127a (base 12) in base 5?
-1212341
Convert 444128a (base 11) to base 6.
434551551
What is 411301331 (base 5) in base 14?
315129
Convert 2101130 (base 4) to base 15.
2b58
What is -12686066 (base 9) in base 13?
-13b100b
What is 11442662 (base 7) in base 11?
636698
What is -32252110 (base 6) in base 5?
-221040001
What is -113032033333 (base 4) in base 14?
-b46783
What is -12013033123 (base 4) in base 13?
-441550
-abb55 (base 15) to base 5
-114432210
What is -4243553 (base 6) in base 9?
-346556
Convert -1666232 (base 10) to base 6.
-55414012
-1101000000001110100000 (base 2) to base 9
-6364885
Convert 10011010120121 (base 3) to base 2.
110011001000110001111
-49a49 (base 15) to base 2
-111001011010111010
What is -3490183 (base 11) in base 5?
-3024401433
Convert -2468614 (base 10) to base 13.
-685825
44c156 (base 15) to base 6
154152530
Convert -111100001010100101001101 (base 2) to base 4.
-330022211031
Convert -54130534 (base 6) to base 4.
-12012023122
Convert 124412333 (base 5) to base 2.
10011000000011111011
What is 8bdee (base 16) in base 11?
361488
Convert -1b9485 (base 12) to base 3.
-221001111002
Convert -d275d (base 14) to base 16.
-7b9ef
331cd (base 14) to base 9
207808
What is -1502413 (base 7) in base 12?
-99294
What is -1410024001 (base 5) in base 2?
-1101101101110011101101
What is 11011111 (base 5) in base 15?
1d021
10010100110111001001 (base 2) to base 11
387117
What is -2a2755 (base 12) in base 15?
-e0388
Convert 11201002001 (base 3) to base 12.
4573a
Convert -4352672 (base 8) to base 16.
-11d5ba
Convert 1258217 (base 10) to base 3.
2100220221122
Convert -aa1531 (base 13) to base 4.
-33100331112
What is -30424 (base 10) in base 2?
-111011011011000
a79a6 (base 14) to base 16
62f1e
What is -3b01ac (base 14) in base 6?
-111351432
1005403 (base 7) to base 12
59237
What is 333324204 (base 5) in base 15?
1ddd04
What is 443614 (base 11) in base 15?
de96c
Convert 296119 (base 12) to base 13.
1b434a
Convert 110211020002 (base 3) to base 5.
31034043
What is -402140 (base 10) in base 4?
-1202023130
What is -216075 (base 8) in base 5?
-4312030
43525 (base 7) to base 4
2222101
-33413 (base 9) to base 6
-250450
-285c1a (base 13) to base 3
-1211222221112
Convert -210951 (base 11) to base 3.
-122011111101
What is -5b002 (base 14) in base 10?
-222266
-1011320322133 (base 4) to base 12
-6176567
Convert 7437d8 (base 14) to base 5.
2001200401
98a0a28 (base 11) to base 15
17d49dc
What is 11011300213 (base 4) in base 3?
2111210022221
-6616006 (base 11) to base 16
-b14801
-101023331 (base 4) to base 16
-112fd
What is 102021332212 (base 4) in base 9?
8853671
What is 1324423524 (base 6) in base 15?
15e05da
2609a4a (base 11) to base 8
21201257
Convert -267952 (base 10) to base 4.
-1001122300
Convert -3536717 (base 8) to base 16.
-ebdcf
What is 1129b3 (base 14) in base 6?
20302025
Convert 100200100120 (base 3) to base 11.
120167
What is 76bb07 (base 14) in base 9?
7517753
What is -53519 (base 16) in base 3?
-122100010202
-50254202 (base 7) to base 15
-57403b
Convert -1211203230 (base 4) to base 12.
-180890
What is 452315 (base 8) in base 12?
744b9
486324 (base 12) to base 13
320623
-25100050 (base 6) to base 12
-327626
What is 61431 (base 8) in base 16?
6319
-111130213222 (base 4) to base 6
-320300534
What is -52545b (base 13) in base 5?
-443102244
-4633bc (base 13) to base 9
-3115256
What is -1adb7 (base 16) in base 11?
-75717
Convert -1155a (base 11) to base 4.
-10010002
170c13 (base 16) to base 13
40b651
Convert 345524 (base 10) to base 4.
1110112310
What is 100211122000 (base 4) in base 9?
8155607
108d56 (base 14) to base 10
562400
Convert -451151503 (base 6) to base 5.
-4043220310
1001110110011010111010 (base 2) to base 11
1504057
What is -17938c (base 14) in base 10?
-832144
Convert 12440531 (base 7) to base 8.
4252504
Convert -17b38 (base 12) to base 3.
-1202021022
What is 90963 (base 12) in base 2?
101101111001011011
-29c62 (base 15) to base 11
-91a98
-b86ce (base 15) to base 14
-1134b9
Convert 256a44 (base 11) to base 8.
1426107
What is -1734af (base 16) in base 10?
-1520815
-237634 (base 9) to base 10
-143401
-53894 (base 15) to base 8
-1005745
2050142 (base 7) to base 4
330121112
What is 133201311 (base 4) in base 3?
20120011000
-5379b1 (base 12) to base 15
-1b112d
1626606 (base 9) to base 13
258462
Convert -5a502 (base 11) to base 3.
-11102111202
10100011111100011 (base 2) to base 7
466502
What is 21203202223 (base 4) in base 14?
492bd9
-2120020122 (base 3) to base 13
-19c91
What is d0be22 (base 15) in base 8?
45637566
-53603 (base 10) to base 15
-10d38
Convert ca4a (base 15) to base 5.
2332240
21010112 (base 4) to base 8
110426
Convert 1200000230 (base 4) to base 10.
393260
What is -2253421 (base 6) in base 8?
-342665
-17